{"id":261,"date":"2015-02-23T22:07:43","date_gmt":"2015-02-23T22:07:43","guid":{"rendered":"http:\/\/www.stop-fracking-kiel.de\/wordpress\/?page_id=261"},"modified":"2015-02-23T22:07:43","modified_gmt":"2015-02-23T22:07:43","slug":"postfossil","status":"publish","type":"page","link":"http:\/\/www.stop-fracking-kiel.de\/wordpress\/?page_id=261","title":{"rendered":"Postfossil"},"content":{"rendered":"<p><strong>Warum postfossil?<\/strong><\/p>\n<p>95% aller industriell gefertigten Produkte h\u00e4ngen vom Erd\u00f6l ab! Nahezu der gesamte Verkehr (von Menschen und Produkten) ebenso!<\/p>\n<p>Die \u00d6lvorr\u00e4te der Erde sind begrenzt. Es wird h\u00f6chste Zeit neue Wege einzuschlagen, den Energieverbrauch drastisch zu reduzieren und \u00d6l durch regenerative Energien zu ersetzen, um die steigende CO2-Freisetzung wieder zu reduzieren.<\/p>\n<p>Derzeit w\u00e4chst die Gefahr, dass durch den voranschreitenden Klimawandel immer mehr Landstriche, z.B. durch \u00dcberflutungen, unbewohnbar werden. Au\u00dferdem wird \u00d6l immer teurer, je knapper es wird, so dass zu bef\u00fcrchten ist, dass sich zunehmend weniger Menschen einen auf hohem \u00d6lverbrauch basierenden Lebensstandard leisten k\u00f6nnen.<\/p>\n<p>Deshalb treten wir f\u00fcr schnelle Weichenstellungen zur Verringerung des \u00d6lverbrauchs anstatt f\u00fcr das Herauspressen der letzten \u00d6lreserven aus der Erde mit riskanten Technologien wie Fracking ein und f\u00fcr einen z\u00fcgigen Wandel in eine Gesellschaft, die postfossil, also ohne fossile Energietr\u00e4ger, leben kann.<\/p>\n","protected":false},"excerpt":{"rendered":"<p>Warum postfossil? 95% aller industriell gefertigten Produkte h\u00e4ngen vom Erd\u00f6l ab! Nahezu der gesamte Verkehr (von Menschen und Produkten) ebenso! Die \u00d6lvorr\u00e4te der Erde sind begrenzt. Es wird h\u00f6chste Zeit neue Wege einzuschlagen, den Energieverbrauch drastisch zu reduzieren und \u00d6l durch regenerative Energien zu ersetzen, um die steigende CO2-Freisetzung wieder zu reduzieren. Derzeit w\u00e4chst die <a href='http:\/\/www.stop-fracking-kiel.de\/wordpress\/?page_id=261' class='excerpt-more'>[&#8230;]<\/a><\/p>\n","protected":false},"author":1,"featured_media":0,"parent":0,"menu_order":0,"comment_status":"closed","ping_status":"closed","template":"","meta":{"footnotes":""},"class_list":["post-261","page","type-page","status-publish","hentry","post-seq-1","post-parity-odd","meta-position-corners","fix"],"_links":{"self":[{"href":"http:\/\/www.stop-fracking-kiel.de\/wordpress\/index.php?rest_route=\/wp\/v2\/pages\/261","targetHints":{"allow":["GET"]}}],"collection":[{"href":"http:\/\/www.stop-fracking-kiel.de\/wordpress\/index.php?rest_route=\/wp\/v2\/pages"}],"about":[{"href":"http:\/\/www.stop-fracking-kiel.de\/wordpress\/index.php?rest_route=\/wp\/v2\/types\/page"}],"author":[{"embeddable":true,"href":"http:\/\/www.stop-fracking-kiel.de\/wordpress\/index.php?rest_route=\/wp\/v2\/users\/1"}],"replies":[{"embeddable":true,"href":"http:\/\/www.stop-fracking-kiel.de\/wordpress\/index.php?rest_route=%2Fwp%2Fv2%2Fcomments&post=261"}],"version-history":[{"count":1,"href":"http:\/\/www.stop-fracking-kiel.de\/wordpress\/index.php?rest_route=\/wp\/v2\/pages\/261\/revisions"}],"predecessor-version":[{"id":264,"href":"http:\/\/www.stop-fracking-kiel.de\/wordpress\/index.php?rest_route=\/wp\/v2\/pages\/261\/revisions\/264"}],"wp:attachment":[{"href":"http:\/\/www.stop-fracking-kiel.de\/wordpress\/index.php?rest_route=%2Fwp%2Fv2%2Fmedia&parent=261"}],"curies":[{"name":"wp","href":"https:\/\/api.w.org\/{rel}","templated":true}]}}